). Determine x(m).
25
Let c(f) = f - 2. Let k(n) = 9*n - 125. Let j be k(14). Let o be (-62)/(-62) - (j - -5). Determine c(o).
-7
Let j(y) = 3*y**2 + 6*y + 2. Let v(t) = -4*t**2 - 7*t - 2. Suppose 12*d - 19*d + 287 = 0. Let k = 39 - d. Let h(f) = k*v(f) - 3*j(f). What is h(-3)?
1
Let i(b) = -44 + 7*b + 30 - 6. Let v(f) = -11*f + 30. Let o(h) = -8*i(h) - 5*v(h). What is o(14)?
-4
Let z(h) be the first derivative of -126 + h - 1/2*h**2. Calculate z(3).
-2
Let d(y) be the first derivative of -y**4/4 + 7*y**3/3 - 13*y**2/2 + 26*y + 13566. Calculate d(6).
-16
Let t(k) = -k**2 - 19*k - 45. Suppose 0 = 2*a + g + 407 - 382, 2*a - 4*g = -60. Calculate t(a).
3
Let n(b) = 3*b - 20. Let m be 7/(-21) - (-152)/24. Determine n(m).
-2
Let x(c) = 6*c + 2. Let r be 88/16 - (-2)/(-4). Suppose -q + 14 = -2*q + r*d, 5*q + 5*d - 20 = 0. Let g(i) = i. Let o(p) = q*x(p) - 5*g(p). Determine o(-6).
-4
Suppose -3 = 4*q + 5, 0 = 3*p - 3*q + 72. Let a(g) = -g**2 - 23*g + 78. Let j be a(p). Let b(f) = -f**3 - 31. Give b(j).
-31
Let c(r) = -r**3 + 6*r**2 + 7*r + 9. Let t = 470 + -547. Let z be (t/308)/(1/(-28)). Calculate c(z).
9
Let y(j) be the third derivative of 0*j**3 - 1/12*j**4 + 0 + 13*j**2 + 0*j. Suppose 3*i = i + 2. Calculate y(i).
-2
Let g(r) = 6*r**3 - r**2 + 1. Let m = -39 - -39. Suppose -2*b = 3*s - 14, 5*s - 5*b + m*b = 15. Suppose 18 = -14*x + s. Give g(x).
-6
Suppose -8 = 2*m, 2*m + 185 = -2*k + 155. Let s(p) = -8*p - 27. Determine s(k).
61
Let x(t) be the first derivative of t**3/3 + 2*t - 1. Let j(u) = u**2 + 18*u + 19. Let q be j(-17). Suppose -2*v = 4*y + y - 20, 4 = -3*y + q*v. Determine x(y).
6
Let s(c) be the first derivative of c**4/4 - 4*c**3/3 + 3*c**2/2 - 4*c - 1. Suppose 0 + 18 = -9*k. Let b be 3/k*(4 - (-9 + 15)). Give s(b).
-4
Let v be (-3 + 18/12)/(1/(-2)). Suppose -24 = -9*t + v. Suppose -t*u - 5 = d - 0*u, 0 = -3*d + 2*u + 7. Let b(r) = 3*r**3 + r**2 + r - 1. Determine b(d).
4
Let a(n) be the first derivative of 3*n**2/2 - 37*n - 7621. Determine a(14).
5
Let k be 16/6*(-132)/16. Let a = -19 - k. Let v(m) = -m + 4*m + m + 0*m + a. What is v(-2)?
-5
Let f(t) = -4*t**3 - 2*t**2 + 2. Let x be 534/2*((-42)/18 - -4). Let d = x + -447. Determine f(d).
26
Let y(k) be the second derivative of 1/6*k**3 + 0*k**2 + 24*k - 3 - 17/12*k**4. Calculate y(1).
-16
Suppose -o - 5*x - 3 = 0, 5*x = -0*o + o - 7. Let t(c) = 1 - 6*c - c**o + 2*c - 2*c - 8 + 2. Determine t(-5).
0
Let p(u) = 2*u**2 + 22*u + 34. Let t = 13753 + -13762. What is p(t)?
-2
Let h(z) = -380*z + 9514. Let o be h(25). Let c(f) = f**2 - 12*f + 7. Determine c(o).
35
Let a(o) = 3*o**3 - 10*o**2 - 4*o + 17. Let g be a(3). Let q(z) = 15*z + 54. Give q(g).
-6
Suppose -2*l + 4 = d - 15, 0 = l - 5. Let y be ((-27)/6)/d*0. Let o be (y + 2*4/16)*2. Let h(j) = -8*j**2 - 1. Determine h(o).
-9
Let l(u) be the first derivative of 7*u**4 - u**3/3 - u**2 - u + 12864. Determine l(-1).
-28
Suppose 4*z = 2*d + 5 - 25, -5*d = -5*z - 35. Suppose 113 = g - 4*g + 5*s, 172 = -d*g - 4*s. Let v = g + 35. Let w(r) = 2*r + 9. Give w(v).
-3
Let j(t) = -26*t - 16. Let w(q) = 6*q - 5. Let s(h) = -j(h) - 6*w(h). Determine s(6).
-14
Let f = 118133 + -118139. Let h(k) = -k - 2*k + 5*k**2 + k**2 + k**3 + 4 + 2*k. Calculate h(f).
10
Let q(x) be the first derivative of -x**2 + 3*x - 2/3*x**3 - 9. Let r = 1 - 5. Calculate q(r).
-21
Let x(o) be the first derivative of -o**3/3 - 29*o**2/2 - 48*o + 2828. Give x(-26).
30
Suppose -5*p + 4*p = 3*n - 1, -2*p + 8 = 3*n. Let a(y) = -6*y + 33. Calculate a(p).
-9
Suppose 1412*i - 106 = 1359*i. Let g(q) be the third derivative of q**4/6 - q**3/6 + 3*q**2. Calculate g(i).
7
Suppose -3*u + 18 = 3*y, -120*y = -119*y - 12. Let c(p) be the first derivative of -p**2/2 - 10*p - 2. What is c(u)?
-4
Let b = -9293 + 15353. Let q(g) = -224*g**3 + 3*g**2 + 5*g + 3. Let f be q(-3). Let c(s) = -f + s + 2*s + b. Give c(3).
6
Let a(l) = l**3 - 11*l**2 - 4*l - 4. Let k(q) = q**3 - 12*q**2 - 6*q + 3. Let w(b) = -4*a(b) + 3*k(b). What is w(8)?
9
Let r(z) = -109 - 99 + 17*z + 181. Let j(t) = 3*t - 5. Let g(s) = 11*j(s) - 2*r(s). Suppose u + u + 5*h + 9 = 0, 6 = -2*u - 2*h. What is g(u)?
1
Let k(m) = 5*m - m - 6 - 2*m + 4*m + 3. Let s be 16/(-88) - (-246)/22. Let r = -9 + s. Calculate k(r).
9
Let i(w) = 10*w + 5. Let o = -3194 + 3193. Calculate i(o).
-5
Let a(l) = 5*l + 71. Let o(s) = 4*s + 42. Let w(c) = -6*a(c) + 10*o(c). Let b be 1/(-2)*(-2 - 8). Calculate w(b).
44
Let m be (2/1)/(2/(-37)). Let f = m + 42. Suppose k = -t + 6*k - 10, -f*t + 19 = -2*k. Let x(w) = w**2 - 6*w + 4. Determine x(t).
-1
Suppose 413 = 7*n + 7. Suppose 33 = -7*h - n. Let s(q) = q + 2. Calculate s(h).
-11
Suppose 2*c - 20 - 34 = -j, 117 = 5*c - 2*j. Suppose -s - c = 4*s, 2*l + 2*s = -8. Let u(b) = 585*b**2 - 290*b**2 - 279*b**2 + b - 1 + 0*b. What is u(l)?
16
Let w(b) = 2409 - 6*b - 4733 + 2402. What is w(16)?
-18
Let b(z) = -64*z - 118*z + 137 + 196*z. What is b(-10)?
-3
Let r(c) = 27*c**2 + 18*c + 117*c**3 - 5*c**3 - 114*c**3 - c - 36. What is r(14)?
6
Let m be 11/5 + (-2)/10. Let v(s) = -s. Let a(b) = 2. Let t(z) = m*v(z) + a(z). Let w be (-1 + -8)*(3 - (-24)/(-9)). Give t(w).
8
Let k(x) = x**2 - 3*x - 13. Let r be k(6). Suppose -14*a + 13*a + 33 = -4*y, 0 = y + r*a - 18. Let q(g) = -2*g + 2. What is q(y)?
16
Let d(a) = 195*a - 376*a + 26 + 178*a. What is d(8)?
2
Let i = 1537 + -2788. Let y = i + 1253. Let x(b) be the second derivative of -b**5/20 + b**4/3 - b**3/6 - b**2 - b. Determine x(y).
4
Suppose -3*r - 9 = -3*j, -5*j + 2*r + 7 = r. Let h(z) = 4 - j - 4 - z. Let n be (26 + 4686/(-165))/(3/5). Give h(n).
3
Let k(l) be the second derivative of -l**5/20 - l**4/4 + 5*l**3/3 - 3*l**2/2 - 634*l. Let q(w) = w**3 - 22*w**2 + 38*w + 35. Let b be q(20). Give k(b).
-3
Suppose -4*m - 75 = y - 77, 18 = 3*m - 2*y. Let j(g) be the second derivative of g**3 + 0 - 1/12*g**4 + 1/2*g**m - g. What is j(5)?
6
Let w(f) be the second derivative of f**5/20 + 23*f**4/12 + f**3/6 + 11*f**2 - 223*f - 2. What is w(-23)?
-1
Let h(l) = 4*l**2 + 20*l + 26. Let d(y) = 5*y**3 - y**2 - 165*y - 166. Let u be d(-1). What is h(u)?
82
Let t = -12385 - -12387. Let x(n) = -5*n**2 + 5*n. Calculate x(t).
-10
Suppose -60 = -0*s - s - 57. Let d(u) = -2*u**3 + 5*u**2 - 11*u + 8. Calculate d(s).
-34
Let b(g) be the second derivative of g**5/20 + 7*g**4/12 - 7*g**3/2 - 7*g**2/2 - 7425*g. Calculate b(-9).
20
Suppose 5*k = 3*p + 18, 0 = -3*k - 4*p + 3 + 2. Suppose 2*i - z = -3*i + 40, -2*i = k*z - 16. Let y(h) = h - 5. Calculate y(i).
3
Let p(a) be the first derivative of -109 - 2*a + 7/2*a**2. What is p(-1)?
-9
Let w(v) be the first derivative of -156 + 1/2*v**2 - v - v**3. Determine w(-2).
-15
Let t(s) = -6*s - 72. Let q be t(-11). Let i(o) = 7*o**2 - 7*o + 6. Let f(z) = -16*z**2 + 14*z - 12. Let l(r) = 4*f(r) + 9*i(r). Give l(q).
12
Suppose 13 = -8*z - 27. Let m(a) be the first derivative of -5 - 1/4*a**4 + a**2 - 5*a - 4/3*a**3. What is m(z)?
10
Let d(t) be the first derivative of 134 + 1/2*t**2 + 2*t. Give d(-5).
-3
Let c(m) be the third derivative of -m**5/60 + m**4/12 + 5*m**3/6 - 800*m**2. Give c(-6).
-43
Let d(g) = -g**2 - 37*g - 94. Let a be d(-36). Let k be (6 + a/10)*0. Let q(m) = -m**2 - 12. Calculate q(k).
-12
Let r(l) = 17*l - 32. Let q be (142/781 + 18/22)*(1 + 2). Calculate r(q).
19
Let z(k) be the second derivative of 11*k**3/6 - 153*k**2/2 + 1266*k + 1. Determine z(14).
1
Let k = -7 - -12. Suppose 93*x = 66*x. Suppose 4*h - 19 - k = x. Let z(l) = -l + 3. What is z(h)?
-3
Suppose 36*u - 106 - 80 = 30. Let k(j) = -j**3 + 5*j**2 + 5*j. What is k(u)?
-6
Let x(t) = t**2 - t - 6. Let s be (-6)/27 - (32/18 - 2). Suppose 0 = -2*i + 2, s = 3*n + n + 2*i + 6. Let q be x(n). Let g(m) = m**2 - m + 4. Determine g(q).
4
Let i(m) = 219*m + 7. Let r(k) = 82*k + 3. Let q(f) = -3*i(f) + 8*r(f). Let d be (-2)/((-3)/(-12) + 0). What is q(d)?
11
Suppose 0 = -13*m - 2241 + 2462. Suppose 4 = 2*f - 2. Let x(h) = -2*h**2 + h**f + 20*h - m*h - 6 + 2*h**2 - 7*h**2. Give x(6).
-24
Let r(z) = -4*z - 4. Let u be 168/(-16)*(-180)/21. Let q = 111 - u. Let v(i) = -i + 17. Let c be v(q). Give r(c).
12
Suppose 6*g - 62 + 2 = 0. Suppose -3*s - 30 = 2*b, 0 = -b + 2*b - s + g. Let n(m) = -3*m - 29. Determine n(b).
7
Let k = -12 - -22. Let h(g) = 43*g**3 + 7*g**2 - 23*g - 3. Let q(t) = -118